the remainder when 79 is divided by 31?
17
What is the remainder when 126 is divided by 101?
25
What is the remainder when 4967 is divided by 262?
251
What is the remainder when 16 is divided by 10?
6
Calculate the remainder when 99 is divided by 42.
15
What is the remainder when 24439 is divided by 188?
187
Calculate the remainder when 169 is divided by 50.
19
What is the remainder when 1209 is divided by 29?
20
Calculate the remainder when 551 is divided by 33.
23
What is the remainder when 18289 is divided by 310?
309
Calculate the remainder when 481 is divided by 174.
133
Calculate the remainder when 315 is divided by 10.
5
What is the remainder when 1021 is divided by 14?
13
Calculate the remainder when 149 is divided by 122.
27
Calculate the remainder when 31 is divided by 4.
3
Calculate the remainder when 1708 is divided by 101.
92
Calculate the remainder when 414 is divided by 140.
134
What is the remainder when 40 is divided by 16?
8
Calculate the remainder when 285 is divided by 174.
111
What is the remainder when 2448 is divided by 18?
0
What is the remainder when 202 is divided by 87?
28
What is the remainder when 1054 is divided by 155?
124
Calculate the remainder when 312 is divided by 63.
60
What is the remainder when 177 is divided by 27?
15
Calculate the remainder when 122 is divided by 41.
40
Calculate the remainder when 21 is divided by 2.
1
Calculate the remainder when 2403 is divided by 24.
3
What is the remainder when 4108 is divided by 11?
5
Calculate the remainder when 1374 is divided by 226.
18
Calculate the remainder when 1312 is divided by 14.
10
What is the remainder when 313 is divided by 116?
81
What is the remainder when 2093 is divided by 23?
0
Calculate the remainder when 2789 is divided by 62.
61
Calculate the remainder when 166 is divided by 28.
26
Calculate the remainder when 2376 is divided by 85.
81
What is the remainder when 215 is divided by 28?
19
Calculate the remainder when 69 is divided by 15.
9
Calculate the remainder when 186 is divided by 58.
12
What is the remainder when 6534 is divided by 19?
17
What is the remainder when 998 is divided by 100?
98
Calculate the remainder when 105 is divided by 28.
21
Calculate the remainder when 46 is divided by 12.
10
What is the remainder when 522 is divided by 172?
6
What is the remainder when 1221 is divided by 5?
1
Calculate the remainder when 1301 is divided by 42.
41
Calculate the remainder when 1517 is divided by 76.
73
What is the remainder when 59 is divided by 6?
5
What is the remainder when 445 is divided by 87?
10
Calculate the remainder when 2216 is divided by 695.
131
Calculate the remainder when 198 is divided by 25.
23
What is the remainder when 90 is divided by 78?
12
Calculate the remainder when 7696 is divided by 3846.
4
What is the remainder when 256 is divided by 35?
11
What is the remainder when 51 is divided by 20?
11
Calculate the remainder when 100 is divided by 17.
15
Calculate the remainder when 190 is divided by 56.
22
What is the remainder when 178 is divided by 89?
0
What is the remainder when 1172 is divided by 147?
143
What is the remainder when 9056 is divided by 30?
26
Calculate the remainder when 2 is divided by 2.
0
What is the remainder when 451 is divided by 114?
109
What is the remainder when 5825 is divided by 29?
25
Calculate the remainder when 152 is divided by 5.
2
What is the remainder when 20198 is divided by 39?
35
Calculate the remainder when 5948 is divided by 14.
12
What is the remainder when 419 is divided by 30?
29
What is the remainder when 1087 is divided by 283?
238
Calculate the remainder when 402 is divided by 45.
42
What is the remainder when 5683 is divided by 28?
27
Calculate the remainder when 16 is divided by 7.
2
Calculate the remainder when 151 is divided by 48.
7
Calculate the remainder when 406 is divided by 206.
200
Calculate the remainder when 449 is divided by 22.
9
What is the remainder when 374 is divided by 366?
8
What is the remainder when 2112 is divided by 92?
88
What is the remainder when 997 is divided by 59?
53
What is the remainder when 358 is divided by 95?
73
What is the remainder when 942 is divided by 15?
12
Calculate the remainder when 157 is divided by 63.
31
Calculate the remainder when 265 is divided by 32.
9
What is the remainder when 708 is divided by 136?
28
What is the remainder when 445 is divided by 50?
45
What is the remainder when 150 is divided by 8?
6
What is the remainder when 2901 is divided by 88?
85
Calculate the remainder when 460 is divided by 118.
106
Calculate the remainder when 32923 is divided by 15.
13
What is the remainder when 1083 is divided by 361?
0
What is the remainder when 68 is divided by 26?
16
Calculate the remainder when 259 is divided by 52.
51
What is the remainder when 293 is divided by 9?
5
What is the remainder when 184 is divided by 65?
54
What is the remainder when 270 is divided by 34?
32
What is the remainder when 5059 is divided by 92?
91
Calculate the remainder when 5060 is divided by 83.
80
Calculate the remainder when 142 is divided by 13.
12
What is the remainder when 711 is divided by 80?
71
What is the remainder when 1924 is divided by 18?
16
Calculate the remainder when 346 is divided by 30.
16
What is the remainder when 114 is divided by 21?
9
What is the remainder when 618 is divided by 193?
39
Calculate the remainder when 24 is divided by 9.
6
Calculate the remainder when 255 is divided by 147.
108
What is the remainder when 1211 is divided by 19?
14
Calculate the remainder when 76 is divided by 28.
20
What is the remainder when 95 is divided by 26?
17
What is the remainder when 201 is divided by 16?
9
What is the remainder when 99 is divided by 31?
6
Calculate the remainder when 64 is divided by 23.
18
Calculate the remainder when 79 is divided by 37.
5
Calculate the remainder when 427 is divided by 27.
22
Calculate the remainder when 51 is divided by 20.
11
What is the remainder when 894 is divided by 309?
276
Calculate the remainder when 219 is divided by 6.
3
What is the remainder when 167 is divided by 14?
13
Calculate the remainder when 2129 is divided by 57.
20
What is the remainder when 16382 is divided by 113?
110
What is the remainder when 774 is divided by 13?
7
Calculate the remainder when 186 is divided by 40.
26
Calculate the remainder when 433 is divided by 110.
103
What is the remainder when 77 is divided by 51?
26
Calculate the remainder when 98 is divided by 29.
11
Calculate the remainder when 210 is divided by 31.
24
What is the remainder when 566 is divided by 548?
18
Calculate the remainder when 2302 is divided by 98.
48
Calculate the remainder when 294 is divided by 33.
30
Calculate the remainder when 14133 is divided by 191.
190
Calculate the remainder when 522 is divided by 88.
82
Calculate the remainder when 319 is divided by 52.
7
Calculate the remainder when 13797 is divided by 24.
21
What is the remainder when 1196 is divided by 21?
20
What is the remainder when 242 is divided by 40?
2
Calculate the remainder when 362 is divided by 176.
10
Calculate the remainder when 1163 is divided by 367.
62
What is the remainder when 697 is divided by 49?
11
What is the remainder when 164 is divided by 37?
16
Calculate the remainder when 231 is divided by 18.
15
What is the remainder when 277 is divided by 219?
58
What is the remainder when 6614 is divided by 2202?
8
Calculate the remainder when 153 is divided by 54.
45
Calculate the remainder when 1075 is divided by 267.
7
What is the remainder when 1099 is divided by 25?
24
Calculate the remainder when 2639 is divided by 20.
19
Calculate the remainder when 241 is divided by 9.
7
What is the remainder when 513 is divided by 122?
25
What is the remainder when 2427 is divided by 221?
217
Calculate the remainder when 567 is divided by 10.
7
Calculate the remainder when 401 is divided by 120.
41
What is the remainder when 1113 is divided by 16?
9
Calculate the remainder when 1184 is divided by 12.
8
What is the remainder when 308 is divided by 18?
2
Calculate the remainder when 1139 is divided by 32.
19
What is the remainder when 37 is divided by 19?
18
Calculate the remainder when 755 is divided by 7.
6
What is the remainder when 1482 is divided by 25?
7
Ca